of 2681 and 24595111?
383
What is the greatest common factor of 10803849 and 9279?
3093
Calculate the greatest common factor of 52900205 and 1595.
145
What is the greatest common factor of 4997424 and 16368?
48
What is the highest common divisor of 401266 and 628191?
313
What is the highest common divisor of 324651638 and 122?
122
Calculate the highest common factor of 2151630 and 5070.
390
Calculate the highest common factor of 10255 and 11038775.
1465
What is the highest common divisor of 3165 and 15425835?
15
Calculate the highest common factor of 31955860 and 40.
20
Calculate the greatest common factor of 443883 and 2211.
33
Calculate the highest common factor of 71136 and 3076176.
912
Calculate the highest common factor of 1034 and 296111562.
94
Calculate the highest common factor of 347936 and 336.
16
What is the highest common divisor of 2820444 and 345?
69
Calculate the highest common factor of 547 and 292597411.
547
What is the greatest common factor of 814 and 212652?
22
What is the greatest common factor of 779 and 11780038?
779
What is the highest common factor of 644806910 and 110?
110
Calculate the greatest common factor of 486290848 and 256.
32
What is the greatest common divisor of 10089420 and 1980?
660
Calculate the highest common divisor of 335860 and 4074.
14
What is the highest common divisor of 17605311 and 313?
313
Calculate the greatest common factor of 414 and 4947438.
138
What is the highest common factor of 701706 and 3531?
321
What is the greatest common divisor of 50825920 and 1445?
85
What is the greatest common factor of 792 and 378796?
44
What is the highest common factor of 484 and 38374666?
242
What is the greatest common factor of 15562444 and 20938?
1102
What is the highest common divisor of 7858356 and 10434?
222
Calculate the highest common factor of 61758 and 245340.
846
What is the greatest common factor of 425267 and 7821782?
2609
Calculate the highest common factor of 11600 and 43191440.
2320
What is the greatest common factor of 729 and 18873?
81
What is the greatest common divisor of 1198400 and 12481550?
5350
Calculate the highest common factor of 3343730 and 1235.
65
Calculate the highest common divisor of 6753384 and 176.
88
Calculate the greatest common divisor of 756779 and 265181.
881
What is the highest common divisor of 5171895 and 73071?
207
Calculate the greatest common factor of 15 and 1805490255.
15
What is the greatest common divisor of 4760 and 53210612?
476
What is the greatest common factor of 227589 and 67731?
321
Calculate the highest common factor of 11849 and 916130.
289
What is the greatest common divisor of 326811 and 984?
123
Calculate the greatest common factor of 2304612 and 122958.
486
What is the greatest common factor of 825396 and 11088?
132
What is the highest common divisor of 2576 and 1201466?
14
Calculate the greatest common divisor of 1500 and 17590620.
60
What is the greatest common factor of 368 and 6235783?
23
Calculate the greatest common factor of 248904 and 27912.
24
What is the highest common divisor of 57 and 116988168?
57
What is the greatest common factor of 150 and 40513575?
75
Calculate the highest common divisor of 33043 and 678432.
191
Calculate the greatest common factor of 15775 and 22146207.
631
Calculate the highest common factor of 4399 and 148612.
53
What is the greatest common divisor of 5106 and 670403?
37
Calculate the highest common factor of 139 and 103696363.
139
Calculate the greatest common factor of 31885301 and 28.
7
What is the highest common divisor of 779 and 20157537?
19
Calculate the highest common divisor of 17336223 and 124.
31
What is the highest common divisor of 1133 and 2474987?
103
Calculate the highest common divisor of 2501120 and 9728.
512
Calculate the greatest common factor of 309857846 and 14126.
2018
Calculate the greatest common factor of 638 and 706208.
58
What is the greatest common factor of 11616 and 242208?
96
Calculate the highest common factor of 490 and 44926560.
70
What is the greatest common divisor of 253979 and 4315544?
2099
What is the greatest common divisor of 5718 and 454480935?
2859
What is the greatest common divisor of 28 and 62379870?
14
What is the highest common divisor of 1883148 and 48369?
69
Calculate the highest common factor of 22 and 2027806.
22
What is the highest common divisor of 8019 and 690030?
99
What is the greatest common factor of 77693310 and 345?
345
What is the highest common factor of 3443 and 901483?
11
Calculate the greatest common divisor of 24319495 and 2429.
347
Calculate the highest common factor of 12828 and 46092.
12
What is the greatest common divisor of 128466390 and 1560?
390
Calculate the greatest common divisor of 396 and 14220459.
99
Calculate the greatest common divisor of 33765802 and 6496.
406
Calculate the highest common divisor of 12684 and 265827044.
4228
Calculate the greatest common factor of 198289461 and 29208.
3651
Calculate the greatest common factor of 3699 and 2351331.
1233
Calculate the highest common divisor of 10891020 and 840.
420
What is the greatest common factor of 1768 and 1244009?
221
What is the greatest common divisor of 249053010 and 981?
327
Calculate the highest common divisor of 1266169905 and 1287.
1287
Calculate the highest common factor of 45747 and 13033917.
1989
Calculate the greatest common factor of 8152 and 173912.
8
Calculate the greatest common factor of 861 and 13807857.
861
What is the highest common factor of 3785 and 198816209?
757
Calculate the highest common factor of 414 and 1118844.
18
Calculate the highest common factor of 52 and 5514033772.
52
Calculate the highest common factor of 25613984 and 48.
16
What is the highest common factor of 21064940 and 4680?
260
What is the highest common factor of 302955 and 299535?
285
What is the greatest common divisor of 32408 and 10698691?
4051
What is the greatest common factor of 109393 and 275450?
787
What is the highest common divisor of 172 and 2688016?
172
What is the highest common factor of 165877103 and 8036?
2009
Calculate the highest common divisor of 938400 and 32754300.
6900
Calculate the greatest common divisor of 12 and 24469413.
3
Calculate the highest common divisor of 89183 and 165539.
101
Calculate the highest common divisor of 933236 and 332316.
724
Calculate the greatest common divisor of 75038 and 7556768.
4414
What is the highest common factor of 12865343 and 220565?
1423
Calculate the greatest common factor of 199932616 and 104.
104
What is the greatest common divisor of 5 and 147177949?
1
What is the highest common factor of 8244 and 58436220?
2748
Calculate the greatest common divisor of 7394345 and 161.
7
Calculate the greatest common factor of 592 and 90949922.
74
What is the greatest common factor of 559 and 75686273?
13
What is the greatest common divisor of 36925532 and 7?
7
Calculate the greatest common factor of 213690873 and 592.
37
Calculate the highest common divisor of 43891007 and 95.
19
Calculate the greatest common divisor of 185955 and 52463.
23
Calculate the highest common factor of 2910 and 3867765390.
2910
Calculate the highest common divisor of 3 and 7835202.
3
What is the highest common factor of 778 and 156236404?
778
What is the greatest common divisor of 3920 and 3798800?
80
Calculate the highest common divisor of 106108171 and 169.
169
Calculate the greatest common divisor of 460 and 97573130.
230
Calculate the greatest common factor of 288 and 2489976.
72
Calculate the highest common factor of 24 and 104238204.
12
What is the highest common factor of 26151 and 225699?
69
What is the highest common divisor of 2294 and 11450982?
74
Calculate the greatest common divisor of 98176 and 19470944.
1888
Calculate the highest common divisor of 44884 and 333396.
196
Calculate the highest common divisor of 3995320 and 5740.
140
Calculate the highest common divisor of 26313525 and 42.
21
Calculate the highest common factor of 4744 and 364029654.
1186
What is the greatest common divisor of 154 and 10081192?
22
What is the highest common divisor of 17446 and 1303448?
122
What is the highest common divisor of 33443070 and 70?
10
What is the greatest common divisor of 5755 and 14085938?
1151
Calculate the greatest common factor of 813383720